{"id":4,"date":"2018-02-19T14:41:38","date_gmt":"2018-02-19T14:41:38","guid":{"rendered":"https:\/\/red.maniberia.net\/hermanos-novo\/home\/"},"modified":"2019-04-30T10:10:40","modified_gmt":"2019-04-30T10:10:40","slug":"home","status":"publish","type":"page","link":"https:\/\/red.maniberia.net\/novo-camion-bus\/","title":{"rendered":"Novo Cami\u00f3n &#038; Bus, S.L.U."},"content":{"rendered":"<p>MAN Truck &amp; Bus es uno de los fabricantes de veh\u00edculos industriales y de los proveedores de soluciones para el transporte l\u00edderes del sector en Europa. La satisfacci\u00f3n de nuestros clientes es fundamental para nosotros, por eso trabajamos desde la excelencia para ser su mejor socio y aportar la soluciones adecuadas a sus necesidades, tanto desde la venta como desde la postventa. Ofertas integrales y a medida de su negocio. Ponemos a su disposici\u00f3n a nuestro profesional equipo, que est\u00e1 en continua formaci\u00f3n. Los mejores asesores en soluciones de transporte.<\/p>\n<p><strong>Novo Cami\u00f3n &amp; Bus, S.L.U.<\/strong> es una empresa fundada en 1988, con unas instalaciones totalmente renovadas en el a\u00f1o 2016, que ocupan m\u00e1s de 10.000 m<sup>2<\/sup> de terreno, contando con 2.700 m<sup>2<\/sup> construidos. El taller est\u00e1 ubicado al lado de la Nacional VI, dentro del Parque Empresarial de I\u00f1\u00e1s-Oleiros, con una accesibilidad y comunicaci\u00f3n muy buenas.<\/p>\n<p>Novo Cami\u00f3n &amp; Bus, S.L.U.\u00a0cuenta actualmente con las certificaciones de calidad ISO 9001:2015 y UNE 60102:2017 de tac\u00f3grafos.<\/p>\n<p>Nuestro compromiso es dar el mejor servicio al cliente, mediante la tecnolog\u00eda m\u00e1s avanzada, la profesionalidad y una relaci\u00f3n personalizada.<\/p>\n","protected":false},"excerpt":{"rendered":"<p>MAN Truck &amp; Bus es uno de los fabricantes de veh\u00edculos industriales y de los proveedores de soluciones para el transporte l\u00edderes del sector en Europa. La satisfacci\u00f3n de nuestros clientes es fundamental para nosotros, por eso trabajamos desde la excelencia para ser su mejor socio y aportar la soluciones adecuadas a sus necesidades, tanto&#8230;  <a class=\"excerpt-read-more\" href=\"https:\/\/red.maniberia.net\/novo-camion-bus\/\" title=\"Read: Novo Cami\u00f3n &#038; Bus, S.L.U.\">Read More<\/a><\/p>\n","protected":false},"author":1,"featured_media":0,"parent":0,"menu_order":0,"comment_status":"closed","ping_status":"closed","template":"page-home.php","meta":[],"aioseo_notices":[],"_links":{"self":[{"href":"https:\/\/red.maniberia.net\/novo-camion-bus\/wp-json\/wp\/v2\/pages\/4"}],"collection":[{"href":"https:\/\/red.maniberia.net\/novo-camion-bus\/wp-json\/wp\/v2\/pages"}],"about":[{"href":"https:\/\/red.maniberia.net\/novo-camion-bus\/wp-json\/wp\/v2\/types\/page"}],"author":[{"embeddable":true,"href":"https:\/\/red.maniberia.net\/novo-camion-bus\/wp-json\/wp\/v2\/users\/1"}],"replies":[{"embeddable":true,"href":"https:\/\/red.maniberia.net\/novo-camion-bus\/wp-json\/wp\/v2\/comments?post=4"}],"version-history":[{"count":9,"href":"https:\/\/red.maniberia.net\/novo-camion-bus\/wp-json\/wp\/v2\/pages\/4\/revisions"}],"predecessor-version":[{"id":88,"href":"https:\/\/red.maniberia.net\/novo-camion-bus\/wp-json\/wp\/v2\/pages\/4\/revisions\/88"}],"wp:attachment":[{"href":"https:\/\/red.maniberia.net\/novo-camion-bus\/wp-json\/wp\/v2\/media?parent=4"}],"curies":[{"name":"wp","href":"https:\/\/api.w.org\/{rel}","templated":true}]}}