{"id":7,"date":"2020-04-22T13:44:34","date_gmt":"2020-04-22T13:44:34","guid":{"rendered":"https:\/\/red.maniberia.net\/man-center-valencia\/home\/"},"modified":"2020-04-28T10:19:59","modified_gmt":"2020-04-28T10:19:59","slug":"home","status":"publish","type":"page","link":"https:\/\/red.maniberia.net\/man-center-valencia\/","title":{"rendered":"MAN Truck &#038; Bus Center Valencia"},"content":{"rendered":"<p>MAN Truck &amp; Bus es uno de los fabricantes de veh\u00edculos industriales y de los proveedores de soluciones para el transporte l\u00edderes del sector en Europa.<br \/>\nNuestra meta es que nuestros clientes queden completamente satisfechos y por ello trabajamos para que siempre quieran volver.<\/p>\n<p>En <strong>MAN Truck &amp; Bus Valencia<\/strong> contamos con amplias instalaciones, equipadas al m\u00e1ximo nivel tecnol\u00f3gico; adem\u00e1s de con un equipo altamente cualificado y en continua formaci\u00f3n para ofrecerle siempre un servicio t\u00e9cnico eficaz y de calidad.<\/p>\n<p>Tiene a su disposici\u00f3n 19.000 m<sup>2<\/sup> de instalaciones destinadas tanto a la venta de veh\u00edculo nuevo y veh\u00edculo usado, como a la postventa, donde disponemos de 4.300m<sup>2<\/sup> de zona de taller con 22 calles dobles de servicio y 1.200 m<sup>2<\/sup> de almac\u00e9n de recambios que cuentan con alrededor de 500.000\u20ac de stock permitiendo as\u00ed darle las mejores soluciones a sus necesidades en el menor tiempo posible.<\/p>\n<p>Venga a visitarnos, le atenderemos con la mayor amabilidad y siempre con una gran sonrisa.<\/p>\n","protected":false},"excerpt":{"rendered":"<p>MAN Truck &amp; Bus es uno de los fabricantes de veh\u00edculos industriales y de los proveedores de soluciones para el transporte l\u00edderes del sector en Europa. Nuestra meta es que nuestros clientes queden completamente satisfechos y por ello trabajamos para que siempre quieran volver. En MAN Truck &amp; Bus Valencia contamos con amplias instalaciones, equipadas&#8230;  <a class=\"excerpt-read-more\" href=\"https:\/\/red.maniberia.net\/man-center-valencia\/\" title=\"Read: MAN Truck &#038; Bus Center Valencia\">Read More<\/a><\/p>\n","protected":false},"author":1,"featured_media":0,"parent":0,"menu_order":0,"comment_status":"closed","ping_status":"closed","template":"page-home.php","meta":[],"aioseo_notices":[],"_links":{"self":[{"href":"https:\/\/red.maniberia.net\/man-center-valencia\/wp-json\/wp\/v2\/pages\/7"}],"collection":[{"href":"https:\/\/red.maniberia.net\/man-center-valencia\/wp-json\/wp\/v2\/pages"}],"about":[{"href":"https:\/\/red.maniberia.net\/man-center-valencia\/wp-json\/wp\/v2\/types\/page"}],"author":[{"embeddable":true,"href":"https:\/\/red.maniberia.net\/man-center-valencia\/wp-json\/wp\/v2\/users\/1"}],"replies":[{"embeddable":true,"href":"https:\/\/red.maniberia.net\/man-center-valencia\/wp-json\/wp\/v2\/comments?post=7"}],"version-history":[{"count":3,"href":"https:\/\/red.maniberia.net\/man-center-valencia\/wp-json\/wp\/v2\/pages\/7\/revisions"}],"predecessor-version":[{"id":109,"href":"https:\/\/red.maniberia.net\/man-center-valencia\/wp-json\/wp\/v2\/pages\/7\/revisions\/109"}],"wp:attachment":[{"href":"https:\/\/red.maniberia.net\/man-center-valencia\/wp-json\/wp\/v2\/media?parent=7"}],"curies":[{"name":"wp","href":"https:\/\/api.w.org\/{rel}","templated":true}]}}