{"id":4,"date":"2016-07-04T08:38:46","date_gmt":"2016-07-04T08:38:46","guid":{"rendered":"https:\/\/red.maniberia.net\/concesionario5\/home\/"},"modified":"2023-09-04T09:08:44","modified_gmt":"2023-09-04T09:08:44","slug":"home","status":"publish","type":"page","link":"https:\/\/red.maniberia.net\/grupotar-lugo\/","title":{"rendered":"Comercial V.I. TAR"},"content":{"rendered":"<p>MAN Truck &amp; Bus es uno de los fabricantes de veh\u00edculos industriales y de los proveedores de soluciones para el transporte l\u00edderes del sector en Europa. La satisfacci\u00f3n de nuestros clientes es fundamental para nosotros, por eso trabajamos desde la excelencia para ser su mejor socio y aportar la soluciones adecuadas a sus necesidades, tanto desde la venta como desde la postventa. Ofertas integrales y a medida de su negocio. Ponemos a su disposici\u00f3n a nuestro profesional equipo, que est\u00e1 en continua formaci\u00f3n. Los mejores asesores en soluciones de transporte.<\/p>\n<p><strong>Comercial V.I. TAR, S.L. <\/strong>es su MAN Truck &amp; Bus Service en la provincia de Lugo. Nuestro taller est\u00e1 ubicado en Barreiros y cuenta con 1.100 m<sup>2<\/sup> de instalaci\u00f3n cubierta, punto de venta y de cinco calles de taller.<\/p>\n<p>Contacte con nosotros, estaremos encantados en atenderle.<\/p>\n<h2>Otros Center y Service de Comercial V.I. TAR<\/h2>\n<p><a href=\"https:\/\/red.maniberia.net\/grupotar-orense\/\">Comercial V.I. TAR (Orense)<\/a><\/p>\n","protected":false},"excerpt":{"rendered":"<p>MAN Truck &amp; Bus es uno de los fabricantes de veh\u00edculos industriales y de los proveedores de soluciones para el transporte l\u00edderes del sector en Europa. La satisfacci\u00f3n de nuestros clientes es fundamental para nosotros, por eso trabajamos desde la excelencia para ser su mejor socio y aportar la soluciones adecuadas a sus necesidades, tanto&#8230;  <a class=\"excerpt-read-more\" href=\"https:\/\/red.maniberia.net\/grupotar-lugo\/\" title=\"Read: Comercial V.I. TAR\">Read More<\/a><\/p>\n","protected":false},"author":1,"featured_media":0,"parent":0,"menu_order":0,"comment_status":"closed","ping_status":"closed","template":"page-home.php","meta":[],"aioseo_notices":[],"_links":{"self":[{"href":"https:\/\/red.maniberia.net\/grupotar-lugo\/wp-json\/wp\/v2\/pages\/4"}],"collection":[{"href":"https:\/\/red.maniberia.net\/grupotar-lugo\/wp-json\/wp\/v2\/pages"}],"about":[{"href":"https:\/\/red.maniberia.net\/grupotar-lugo\/wp-json\/wp\/v2\/types\/page"}],"author":[{"embeddable":true,"href":"https:\/\/red.maniberia.net\/grupotar-lugo\/wp-json\/wp\/v2\/users\/1"}],"replies":[{"embeddable":true,"href":"https:\/\/red.maniberia.net\/grupotar-lugo\/wp-json\/wp\/v2\/comments?post=4"}],"version-history":[{"count":12,"href":"https:\/\/red.maniberia.net\/grupotar-lugo\/wp-json\/wp\/v2\/pages\/4\/revisions"}],"predecessor-version":[{"id":589,"href":"https:\/\/red.maniberia.net\/grupotar-lugo\/wp-json\/wp\/v2\/pages\/4\/revisions\/589"}],"wp:attachment":[{"href":"https:\/\/red.maniberia.net\/grupotar-lugo\/wp-json\/wp\/v2\/media?parent=4"}],"curies":[{"name":"wp","href":"https:\/\/api.w.org\/{rel}","templated":true}]}}