{"id":4,"date":"2019-07-10T08:48:12","date_gmt":"2019-07-10T08:48:12","guid":{"rendered":"https:\/\/red.maniberia.net\/diesel-2000\/home\/"},"modified":"2019-07-12T10:20:30","modified_gmt":"2019-07-12T10:20:30","slug":"home","status":"publish","type":"page","link":"https:\/\/red.maniberia.net\/diesel-2000\/","title":{"rendered":"Di\u00e9sel 2000 S.L."},"content":{"rendered":"<p>MAN Truck &amp; Bus es uno de los fabricantes de veh\u00edculos industriales y de los proveedores de soluciones para el transporte l\u00edderes del sector en Europa. La satisfacci\u00f3n de nuestros clientes es fundamental para nosotros, por eso trabajamos desde la excelencia para ser su mejor socio y aportar la soluciones adecuadas a sus necesidades, tanto desde la venta como desde la postventa. Ofertas integrales y a medida de su negocio. Ponemos a su disposici\u00f3n a nuestro profesional equipo, que est\u00e1 en continua formaci\u00f3n. Los mejores asesores en soluciones de transporte.<\/p>\n<p>En 1970 Jos\u00e9 Mar\u00eda Calvo \u00c1lvaro abri\u00f3 su primer taller para realizar las reparaciones y mantenimiento de los camiones de su empresa de transportes. Fue en 1978 cuando abri\u00f3 el taller al p\u00fablico ofreciendo el primer servicio integral para camiones. En 1984 firm\u00f3 el contrato como concesionario oficial de la marca de camiones MAN para las provincias de Segovia y de \u00c1vila. Hoy en d\u00eda sus hijos siguen representando los intereses de la marca MAN manteniendo en el mercado una penetraci\u00f3n por encima del 20% gracias a lo que ellos llaman \u201csu mejor vendedor\u201d el servicio de Post-Venta.<\/p>\n<p>Despu\u00e9s de 48 a\u00f1os, Di\u00e9sel 2000, S.L. sigue con su tradici\u00f3n de dar un servicio integral de calidad, formaci\u00f3n continua a sus empleados y a conductores, garant\u00eda de dos a\u00f1os en sus reparaciones, etc\u2026 siendo desde hace muchos a\u00f1os l\u00edderes en su mercado tanto en ventas como en servicio de Post-Venta.<\/p>\n<p><b>Di\u00e9sel\u00a02000 S.L.<\/b> cuenta con unas amplias instalaciones de 7.400 m<sup>2<\/sup> donde 2.000 m<sup>2<\/sup> est\u00e1n dedicados a los talleres de reparaci\u00f3n. 600 m<sup>2<\/sup> a recambios, 800 m<sup>2<\/sup>\u00a0de exposici\u00f3n y una amplia campa para parking de camiones.<\/p>\n<p>\u00a1Vis\u00edtenos y le atenderemos encantados!<\/p>\n","protected":false},"excerpt":{"rendered":"<p>MAN Truck &amp; Bus es uno de los fabricantes de veh\u00edculos industriales y de los proveedores de soluciones para el transporte l\u00edderes del sector en Europa. La satisfacci\u00f3n de nuestros clientes es fundamental para nosotros, por eso trabajamos desde la excelencia para ser su mejor socio y aportar la soluciones adecuadas a sus necesidades, tanto&#8230;  <a class=\"excerpt-read-more\" href=\"https:\/\/red.maniberia.net\/diesel-2000\/\" title=\"Read: Di\u00e9sel 2000 S.L.\">Read More<\/a><\/p>\n","protected":false},"author":1,"featured_media":0,"parent":0,"menu_order":0,"comment_status":"closed","ping_status":"closed","template":"page-home.php","meta":[],"aioseo_notices":[],"_links":{"self":[{"href":"https:\/\/red.maniberia.net\/diesel-2000\/wp-json\/wp\/v2\/pages\/4"}],"collection":[{"href":"https:\/\/red.maniberia.net\/diesel-2000\/wp-json\/wp\/v2\/pages"}],"about":[{"href":"https:\/\/red.maniberia.net\/diesel-2000\/wp-json\/wp\/v2\/types\/page"}],"author":[{"embeddable":true,"href":"https:\/\/red.maniberia.net\/diesel-2000\/wp-json\/wp\/v2\/users\/1"}],"replies":[{"embeddable":true,"href":"https:\/\/red.maniberia.net\/diesel-2000\/wp-json\/wp\/v2\/comments?post=4"}],"version-history":[{"count":6,"href":"https:\/\/red.maniberia.net\/diesel-2000\/wp-json\/wp\/v2\/pages\/4\/revisions"}],"predecessor-version":[{"id":105,"href":"https:\/\/red.maniberia.net\/diesel-2000\/wp-json\/wp\/v2\/pages\/4\/revisions\/105"}],"wp:attachment":[{"href":"https:\/\/red.maniberia.net\/diesel-2000\/wp-json\/wp\/v2\/media?parent=4"}],"curies":[{"name":"wp","href":"https:\/\/api.w.org\/{rel}","templated":true}]}}