{"id":4,"date":"2021-02-18T08:42:03","date_gmt":"2021-02-18T08:42:03","guid":{"rendered":"https:\/\/red.maniberia.net\/auto-handia-jaen\/home\/"},"modified":"2021-02-25T09:55:32","modified_gmt":"2021-02-25T09:55:32","slug":"home","status":"publish","type":"page","link":"https:\/\/red.maniberia.net\/auto-handia-jaen\/","title":{"rendered":"AUTO-HANDIA Guarrom\u00e1n (JAEN)"},"content":{"rendered":"<p>Desde el a\u00f1o 1983 <strong> AUTO-HANDIA<\/strong> presta sus servicios de reparaci\u00f3n de veh\u00edculos industriales como Taller de Servicio Oficial de MAN Truck &amp; Bus, uno de los l\u00edderes europeos en fabricaci\u00f3n de veh\u00edculos industriales y en soluciones para el transporte. La satisfacci\u00f3n de nuestros clientes es fundamental para nosotros, por eso trabajamos desde la excelencia para ser su mejor socio y aportar soluciones adecuadas a sus necesidades, tanto desde la venta como desde la postventa. Le ofrecemos ofertas integrales a medida de su negocio. Ponemos a su disposici\u00f3n a nuestro profesional equipo, que est\u00e1 en continua formaci\u00f3n. Los mejores asesores en soluciones de transporte.<\/p>\n<p>\u00a1Bienvenid@ a AUTO-HANDIA!<\/p>\n<p>HISTORIA:<\/p>\n<p>En el a\u00f1o 1983 tres j\u00f3venes mec\u00e1nicos crearon la empresa AUTO-HANDIA, en IR\u00daN (Guip\u00fazcoa), como un taller de reparaci\u00f3n de todo tipo de veh\u00edculos industriales de transporte. En esos comienzos, los trabajos se realizaban en un peque\u00f1o taller de alquiler con \u00fanicamente 2 portones, y ya por aquel entonces \u00e9ramos Taller de Servicio Oficial DAF.<\/p>\n<p>En el a\u00f1o 1991, \u00a0observando la necesidad de m\u00e1s espacio para poder prestar el mejor servicio posible a nuestros clientes, \u00a0nos trasladamos a un nuevo taller, en el pol\u00edgono de Xoroxarta, tambi\u00e9n en Ir\u00fan. Y a partir de ese momento pasamos a ser Taller de Servicio Oficial MAN.<\/p>\n<p>Durante los siguientes a\u00f1os, AUTO-HANDIA sigui\u00f3 creciendo y de nuevo las instalaciones se nos quedaron peque\u00f1as para cubrir las demandas de nuestros clientes, lo que nos oblig\u00f3 a una nueva ampliaci\u00f3n. Por este motivo, en el a\u00f1o 2008 inauguramos un nuevo taller de 5.500m<sup>2<\/sup>, con las m\u00e1s modernas tecnolog\u00edas para dar el mejor servicio posible.<\/p>\n<p>En el a\u00f1o 2016, adquirimos la delegaci\u00f3n de MAN en la poblaci\u00f3n de Guarrom\u00e1n (Ja\u00e9n). Un taller de 5.500m<sup>2 <\/sup>con las \u00faltimas tecnolog\u00edas para poder atender a nuestros clientes en un radio m\u00e1s amplio que el que atend\u00edamos anteriormente.<\/p>\n<p>A principios del 2019 los tres hijos de uno de los socios fundadores recogen el testigo de AUTO-HANDIA. Y junto con sus parejas deciden continuar con la labor de sus padres, adquiriendo la propiedad de los talleres de Ir\u00fan y Guarrom\u00e1n.<\/p>\n<p>Gracias a la ayuda de sus padres y a la experiencia adquirida en otros sectores, hoy en d\u00eda se continua la l\u00ednea de trabajo que AUTO-HANDIA lleva desde hace m\u00e1s de 35 a\u00f1os, adapt\u00e1ndola a los nuevos tiempos y modernizando sus procesos de trabajo. Intentado, como siempre, dar el mejor servicio posible al cliente.<\/p>\n<h2>Otros Center y Service de AUTO-HANDIA<\/h2>\n<p><a href=\"https:\/\/red.maniberia.net\/auto-handia-irun\/\">AUTO-HANDIA (IR\u00daN)<\/a><\/p>\n","protected":false},"excerpt":{"rendered":"<p>Desde el a\u00f1o 1983 AUTO-HANDIA presta sus servicios de reparaci\u00f3n de veh\u00edculos industriales como Taller de Servicio Oficial de MAN Truck &amp; Bus, uno de los l\u00edderes europeos en fabricaci\u00f3n de veh\u00edculos industriales y en soluciones para el transporte. La satisfacci\u00f3n de nuestros clientes es fundamental para nosotros, por eso trabajamos desde la excelencia para&#8230;  <a class=\"excerpt-read-more\" href=\"https:\/\/red.maniberia.net\/auto-handia-jaen\/\" title=\"Read: AUTO-HANDIA Guarrom\u00e1n (JAEN)\">Read More<\/a><\/p>\n","protected":false},"author":1,"featured_media":0,"parent":0,"menu_order":0,"comment_status":"closed","ping_status":"closed","template":"page-home.php","meta":[],"aioseo_notices":[],"_links":{"self":[{"href":"https:\/\/red.maniberia.net\/auto-handia-jaen\/wp-json\/wp\/v2\/pages\/4"}],"collection":[{"href":"https:\/\/red.maniberia.net\/auto-handia-jaen\/wp-json\/wp\/v2\/pages"}],"about":[{"href":"https:\/\/red.maniberia.net\/auto-handia-jaen\/wp-json\/wp\/v2\/types\/page"}],"author":[{"embeddable":true,"href":"https:\/\/red.maniberia.net\/auto-handia-jaen\/wp-json\/wp\/v2\/users\/1"}],"replies":[{"embeddable":true,"href":"https:\/\/red.maniberia.net\/auto-handia-jaen\/wp-json\/wp\/v2\/comments?post=4"}],"version-history":[{"count":5,"href":"https:\/\/red.maniberia.net\/auto-handia-jaen\/wp-json\/wp\/v2\/pages\/4\/revisions"}],"predecessor-version":[{"id":108,"href":"https:\/\/red.maniberia.net\/auto-handia-jaen\/wp-json\/wp\/v2\/pages\/4\/revisions\/108"}],"wp:attachment":[{"href":"https:\/\/red.maniberia.net\/auto-handia-jaen\/wp-json\/wp\/v2\/media?parent=4"}],"curies":[{"name":"wp","href":"https:\/\/api.w.org\/{rel}","templated":true}]}}